 = q**2 + 4*q + 1. Let k(w) = w**2 + 7*w + 5. Let u be k(-5). Calculate s(u).
6
Let k(y) be the second derivative of -y**5/4 + y**4/12 - y**3/2 + y**2 + 4*y - 27. Determine k(2).
-40
Let i(g) = 6*g**3 + 5 + 12*g**2 + g**3 - 6*g**3 + 9*g - 22*g**2. Give i(9).
5
Let s(t) = -7*t**3 - 7*t**2 + 12*t + 2. Let j(h) = 2*h**3 - h. Let p(d) = -3*j(d) - s(d). Determine p(-8).
6
Let j be (46 - 52)*(-4)/6 + -8. Let v(f) be the second derivative of f**3/2 - f**2/2 + 3*f. Determine v(j).
-13
Let c(j) = -j**2 + 8*j - 8. Let r be c(6). Let s(l) = -3*l - 5 + 2*l + 5*l + l**2 + r. Calculate s(-5).
4
Suppose r + 4 = -t, 32 = 3*t - 5*r + 12. Suppose -5*h + h + 2*k = -8, -4*h - k + 14 = t. Let i(b) = -20*b + 2 + 18*b - h. What is i(-1)?
1
Let g be 1/(-2) - 18/4. Let v(l) = -5*l - 71. Let t be v(-17). Let f(j) = j + 10 + t - 22. What is f(g)?
-3
Suppose -6*b = -3*b - 15. Let s(w) = w**2 - 38 - 2*w**2 + w**3 + 28. Let n(m) = m**3 - 2*m**2 - 9. Let t(l) = 4*n(l) - 3*s(l). Calculate t(b).
-6
Suppose -4*v = -15 - 1. Let t be (-6)/v - (-78)/12. Let z(d) = t*d - 5 + 0*d + 0*d - d**2. Give z(5).
-5
Let g(n) be the first derivative of -2*n**3/3 - 3*n**2/2 - n - 162. Calculate g(-2).
-3
Let v be -16 + 3 + 300/25. Let q(z) = z - 1. Let w(f) = 19*f - 3. Let j(r) = -3*q(r) + w(r). Calculate j(v).
-16
Suppose 0 = 5*j - 5*y - 345, -6*y = -2*y - 20. Let t(q) = -145*q**2 + 5 + j*q**2 + 6*q + 72*q**2. Give t(-4).
-3
Let m = 18 + -21. Let h(x) = 3*x - 16. Let g(c) = -2*c + 8. Let o(t) = m*h(t) - 5*g(t). Calculate o(-7).
1
Let p(r) = r**2 - 4*r + 9. Let n be p(3). Let m be -1 + n - (-8)/(-4). Let c(s) = -145*s + 3 + 144*s - s**3 + 0*s**m. What is c(0)?
3
Suppose 0*k + 31 = -5*h - k, -k + 5 = -h. Let u(f) = -2*f - 1. Calculate u(h).
11
Let g be (16/7)/((-6)/(-21)). Let a(s) = 3*s + 8. Let c(i) = -2*i - 5. Let x(y) = g*c(y) + 5*a(y). Let d = -8 - -10. What is x(d)?
-2
Let m(u) be the second derivative of u**5/10 - u**4/6 - u**3/2 + 3*u**2/2 + 6*u. Let y be m(2). Suppose 3*z + 6 + 8 = q, q = y. Let l(n) = n. Calculate l(z).
-3
Let y(b) = 17*b**3 + 11*b**2 + 33*b - 29. Let f(i) = 4*i**3 + 3*i**2 + 8*i - 6. Let q(o) = -9*f(o) + 2*y(o). Calculate q(-2).
4
Let o(k) = -3*k**2 - 7*k + 1. Let p(y) = 2*y**2 + 3*y - 1. Suppose -9 = -q + 2*z, 0 = 5*q + 3*z + z - 3. Let j(i) = q*o(i) + 5*p(i). Determine j(7).
5
Let a(b) = -17*b**3 + 8*b + 16*b**3 + 0*b**2 + 5*b**2 - 7. Suppose -z + 10 = -4*y, 4*z - 3*y - 16 - 11 = 0. What is a(z)?
5
Let v(x) be the second derivative of -x**4/12 - x**3 - 2*x**2 + 5*x + 3. Calculate v(-3).
5
Let w(a) = -a**2 - 6*a - 1. Let g be (0 + 0)/2 - -1. Let r(q) = -25*q + 24*q + 1 + g. Let m be r(7). What is w(m)?
4
Let f be 6/(-135)*-3 - (-124)/(-930). Let a(p) = -p**3 + p + 15. Give a(f).
15
Let w(k) = -k**3 - k**2 - k - 1. Let l(o) = -o**2 + 0*o + 0*o**2 - o - 2 + 2*o**2. Let f be l(0). Let i be (f - 3/(-2))*0. Give w(i).
-1
Suppose 0 = -4*f + 5*l - 1, -l = -1 - 4. Let j(t) = 6*t**2 - 4 + 2 - 21*t**3 - f + t + 20*t**3. Determine j(6).
-2
Let x(p) be the third derivative of -p**6/120 + p**5/60 - p**4/24 + p**3/3 - 20*p**2 + p. What is x(-2)?
16
Suppose -4*d - 7 = -5*b, -1 = -b + 2*b. Let u(r) = 9*r + 4. Calculate u(d).
-23
Let m(a) = 1. Let i(s) = -2 + 3*s + 0 - s - 12. Let j be i(6). Let z(t) = -t - 1. Let r(p) = j*z(p) - 3*m(p). What is r(-5)?
-11
Let v(l) be the third derivative of l**5/60 - l**4/24 + 2*l**3/3 + 4*l**2. Suppose 4*f + 36 + 48 = 3*d, -2*f - 3*d - 42 = 0. Let g = f + 21. What is v(g)?
4
Let w(a) = -2*a + a + 5*a - 1 + 35*a**2 - 4*a. Calculate w(-1).
34
Let n(x) = 3*x - 3*x**2 - x - 4 + x**3 + 3. Suppose 12 = 2*w + 3*u, -3*w + 12*u = 15*u - 15. Determine n(w).
5
Let i(h) = 38*h**2 + h + 6. Let k(g) = -1. Let d(r) = -i(r) - 5*k(r). Give d(-1).
-38
Let v(i) = -i**3 - i**2 + 1. Let d(a) = 4*a**3 + 11*a**2 - 7. Let o(r) = d(r) + 5*v(r). Suppose -2*m + 15 = 5*k - 8*k, k = 4*m - 25. What is o(m)?
-2
Let f(m) = m - 3. Let c be (-2 + 0 + -2)/(-2). Let b be (c/1)/2 - 1. Suppose b = 6*r - 3*r + 5*v - 27, -r - v = -7. Determine f(r).
1
Let p(h) = 4 - h + 0*h + 5 - 7. Let b = -32 - -35. Give p(b).
-1
Let c(v) = -v**3 - 4*v**2 - 4*v - 3. Let s = 110 + -112. Determine c(s).
-3
Let o(c) = c**2 + 3*c - 6. Suppose -16*b = -b + 120. Determine o(b).
34
Let j(i) = -5*i - 40. Let b(x) = -2*x - 14. Let l(n) = 11*b(n) - 4*j(n). Determine l(6).
-6
Let x = -3 - -6. Suppose 0 = 4*g - x*g - 12. Let t = g - 9. Let d(m) = -3*m - 3. Determine d(t).
-12
Let c(a) = -a - 2. Suppose 2*i - 1 = 3. Suppose 4*h + 2 = -i, h = -5*z - 6. Let u(b) = -10*b**2 - 2*b. Let x be u(z). Determine c(x).
6
Let w(c) be the second derivative of -c**3/3 + 13*c**2/2 + 298*c. Determine w(7).
-1
Let p(m) be the second derivative of m**5/20 - m**4/12 + 13*m**3/6 - m**2 + m. Let h(s) = -s**3 + 2*s**2 - 12*s + 2. Let f(v) = -6*h(v) - 5*p(v). What is f(6)?
4
Suppose 37*x + 4 = 38*x. Let n(l) = -3 + l**3 + 2*l**2 + l**2 - 3*l + 2*l**2 - x*l**2. Determine n(-2).
-1
Let o(q) = -q**2 + 7*q + 6. Let c(v) = v**2 - v + 1. Let f(a) = -a + 15. Let x be f(11). Let r be (-4)/(-32)*6*x. Let y be c(r). What is o(y)?
6
Let y(a) be the second derivative of 5*a**3/6 + a**2/2 - 10*a. Let v(w) = -4*w - 1. Let d(k) = 7*v(k) + 6*y(k). Determine d(4).
7
Let r(i) = -5*i + 1. Suppose 54 = 5*m - 3*h + 43, -2*m + 10 = -4*h. Determine r(m).
-4
Let f be (66/44)/((-6)/16). Let u be (-12)/f*(4/(-6) - -1). Let z(m) = m**3 - 1. Calculate z(u).
0
Let j be 30/(-8)*(-104)/39. Suppose -2*m = 6*q - q - j, 2*m - 42 = 3*q. Let n(h) = m*h - h**2 - 28*h - 4 + 17*h. Calculate n(3).
-1
Let k(j) = j**3 - 2*j**2 + 2*j + 2. Suppose -g - 3 = -7. Suppose 0 = -4*y + d + g, 3*y + 3*d = 13 + 5. Determine k(y).
6
Let k(p) = -p + 41. Let h be k(11). Suppose 15*l - 18*l = h. Let m(n) = -n - 5. What is m(l)?
5
Let x(s) be the first derivative of s**4 - s**3 - s**2 - 117. Calculate x(-1).
-5
Suppose -176*m - 1036 = -28*m. Let y(i) = 6*i - 3. Calculate y(m).
-45
Let c(w) be the second derivative of -w**4/8 + 5*w**2 + 24*w. Let q(t) be the first derivative of c(t). Determine q(-2).
6
Suppose -4*o = o. Suppose o = -2*g - g + 30. Suppose r - g = -r. Let c(u) = -u**2 + 3*u + 3. Calculate c(r).
-7
Let a(t) = -2*t + 33. Suppose 7*s + l = 5*s + 32, 0 = -3*s - 3*l + 51. What is a(s)?
3
Let o(w) = -w**3 - 11*w**2 - 12*w + 2. Let s be o(-10). Let v = 22 - s. Let y(h) = -h**2 + h - 15. What is y(v)?
-15
Let h = -2 + -11. Suppose -3*n - 27*f + 23*f + 105 = 0, n - 48 = 3*f. Let i be (-150)/n - (-2)/h. Let q(a) = -4*a - 4. What is q(i)?
12
Suppose 5*r = -3*b - 543, 4*r - 4*b + 711 = 283. Let h be 4/(-10) - r/20. Let o(j) = -9*j - 5*j - h + 12*j. Determine o(-4).
3
Let d be (-9)/(-6)*4/6. Let q(r) be the first derivative of -3*r**4/8 + r**3/6 - 3*r**2 + 2. Let o(y) be the second derivative of q(y). What is o(d)?
-8
Suppose -3*u = -3*a + 18 + 18, 0 = -a - 2*u + 3. Let p(x) be the first derivative of x**2/2 - 15*x - 1. Give p(a).
-6
Let y(u) be the first derivative of -u**3/3 - 3*u**2/2 - 6*u - 140. Determine y(-6).
-24
Let t = 39 + -35. Suppose 0 = 4*c - 5*l - 8 - 1, -t*l - 9 = -5*c. Let o(y) = 14*y. Determine o(c).
14
Let x(l) = l**3 + l**2 + 3*l + 3. Let n(k) = -4*k + 1. Let b be n(-1). Let h be (b + (-2 - 1))/(-1). Determine x(h).
-7
Let x(c) = -c**3 - 6*c**2 + 2*c + 5. Suppose -3*y + 10*y - 28 = 0. Suppose 2*n = 2*s - 20, 3*n + 0 = -y*s - 2. Calculate x(n).
-7
Let b = 0 + 1. Let j(d) = -d + 2. Let n(f) = -4*f + 4. Let v(i) = -4*j(i) + 2*n(i). Determine v(b).
-4
Let p = 372 - 372. Let b(m) be the first derivative of p*m + 12 + 1/2*m**2 + 9/4*m**4 + 1/3*m**3. What is b(-1)?
-9
Let k(j) = 1 - 4 - 784*j**2 + 2 + 8*j + 785*j**2. Calculate k(-7).
-8
Let s(o) = o - 1. Let n(j) = -2*j + 1. Let t(q) = n(q) + 3*s(q). Suppose -4*a + 52 = -4*u, 1342 = u - 3*a + 1369. Give t(u).
-8
Let q be (-11 - -12)/(-1 + 0) + -5. Let u(x) = x**3 + 4*x**2 - 8*x + 4. Give u(q).
-20
Let z(c) = c**2 - 7*c + 1. Suppose 0 = 5*m - 63 - 122. Let d = -31 + m. Give z(d).
-5
Let d(y) = -y - 11. Suppose -15*q - 50 = 25. Let b(t) = -t**2 - 6*t + 7. Let g be b(-8). Let z be q*(g/3)/(-3). What is d(z)?
-6
Let g(j) = -2*j**3 - 2*j**2 + 3*j - 1. Let z(l) = -3*l + 2. Let d be z(-1). Suppose h + 0*h - 3*y = 17, 3*h + d*y = -19. Calculate g(h).
-19
Let i = 542 + -541. Let p(n) = 5*n - 1. Let w(u) = 20*u - 4. Let z(h) = -9*p(h